 Calculate the highest common factor of k and 156.
13
Let l be (-20)/(-6) + (-2)/(-3). Let i(t) = -26*t**2 + 12*t**2 - 1 + 15*t**2 - 2*t. Let m be i(l). Calculate the highest common factor of 14 and m.
7
Let r be 6 - 0/(-1) - 1. Let f = -21 - -26. What is the greatest common divisor of r and f?
5
Suppose -4*l + 7*o - 2*o = -49, 0 = -5*l - 4*o + 51. Let r(w) = w**3 + 2*w + 5. Let d be r(4). What is the greatest common divisor of d and l?
11
Let f be (2 - 3) + 16 + 0. Let z be 7 + -6 + 1*4. Suppose z*c - 3*m - 86 = -5, -c + 2*m + 19 = 0. What is the highest common factor of f and c?
15
Suppose -l + 40 = -0*l. Let h be (-14)/(-4)*36/21. Suppose -n = m - h, -n = m - 6*n. Calculate the highest common factor of m and l.
5
Let x be (-2 - (3 + -1))/((-10)/35). What is the greatest common factor of 7 and x?
7
Let i be 1/(-1*(-2)/10). Let q(y) = -y**3 + 2*y - 5 - 4 + 9*y**2 + i. Let m be q(7). Calculate the highest common divisor of 12 and m.
12
Suppose 0*n = -9*n + 99. Calculate the highest common divisor of n and 88.
11
Let g be 0 - -4 - (5 - 3). Calculate the greatest common divisor of 14 and g.
2
Let o be 2/(-8) - (-386)/8. Suppose 5*q + 2*p - o = 6*p, -2 = p. Calculate the greatest common factor of q and 56.
8
Let a = -9 + 13. Let v be 3 - (-4)/(a/2). What is the greatest common divisor of v and 25?
5
Let r = 5 - 3. Let i(m) = m**2 - 4*m - 4. Let l be i(3). Let t be 1 - l - (-6)/(-3). What is the highest common factor of r and t?
2
Let a = 64 - 56. Let n be 2 + 0 - (1 + -3). Suppose 5*k = 5*x + 380, 4*x - 344 = -n*k - k. What is the greatest common factor of k and a?
8
Suppose 0 = 5*j + 4*h - 131, h = -4*h + 20. Let i be -2*j/(-2) - -1. What is the highest common divisor of i and 3?
3
Let p be (5/((-10)/16))/(-1). Let t(k) = -10*k**3 - k**2 + 1. Let f be t(1). Let m be (-1 - -21)/((-5)/f). What is the highest common factor of p and m?
8
Suppose 2*c - 4*f - 108 = 0, 106 + 54 = 3*c - 5*f. Suppose 0 = k + 5, 2*q + 4*k + 17 - 3 = 0. Let o = q + 7. Calculate the greatest common factor of c and o.
10
Let r(y) = y**3 - 2*y**2 + 3*y - 3. Let c be r(2). Let w be (-1 + (-16)/c)*-3. What is the greatest common factor of 95 and w?
19
Let o(c) = c**3 + 2*c**2 - 3*c - 3. Let n be o(-2). Let x be (-2)/(-7) - (-57)/21. What is the highest common factor of n and x?
3
Let w = -11 + 67. What is the highest common factor of w and 14?
14
Let a be (-112)/(-6)*(-72)/(-14). Suppose b - a = 25. Let d be (1 + (-16)/(-6))*3. Calculate the highest common factor of d and b.
11
Suppose 4*m - 538 = 2*d, 0*m - d = -m + 137. What is the greatest common factor of 12 and m?
12
Let b(h) = h**3 - 4*h - 3. Let v be b(4). Calculate the greatest common factor of 18 and v.
9
Suppose 3*i = 5*u - 162, 3*i + 2*i + 160 = 5*u. Calculate the highest common divisor of 22 and u.
11
Let i(z) = -z**3 - 2*z**2 + 2*z. Let k be i(-3). Calculate the greatest common divisor of 1 and k.
1
Suppose -5*z = 5*z - 110. Calculate the highest common divisor of z and 1.
1
Let q(k) = k**2 - 6*k - 10. Let i be q(7). Suppose 4 = 3*o - 23. Let t = i + o. What is the greatest common factor of t and 6?
6
Let a be 4 - (2 + -1 + 1). Suppose a*n - 14 = 28. Suppose 4*o = n - 5. What is the highest common factor of o and 10?
2
Suppose -2 = -2*b + 4*b. Let p = -9 + 2. Let c = b - p. What is the greatest common factor of c and 12?
6
Suppose x = 6*x - 20. Suppose 2*n = -3*y + 88, -4*n + n + 4*y = -132. What is the highest common divisor of x and n?
4
Let i be -5*8/10*-1. Suppose -i*c + 104 = 4*f, -c = f + 4*f - 110. Let k be 2/(-8) + 171/12. What is the greatest common factor of f and k?
7
Let o = 144 + -38. Suppose 0 = -5*z + 351 - o. What is the greatest common divisor of 7 and z?
7
Let d = 14 - 14. Suppose 2*x - 4 = 0, -47 = -d*h - 5*h + 4*x. What is the highest common divisor of h and 22?
11
Let c(b) be the second derivative of -b**5/20 - b**4/3 - b**3/3 + 2*b. Let v be c(-3). Let w be 6*(-2)/v - 2. What is the greatest common divisor of 8 and w?
2
Let q = -41 + 52. What is the highest common divisor of q and 1?
1
Let l be (-4 + (-88)/(-6))*3. Calculate the highest common divisor of 256 and l.
32
Suppose i - 2*i + 8 = 0. Suppose -b + 0*b - 38 = 0. Let t = 54 + b. Calculate the greatest common divisor of i and t.
8
Suppose 2*r = 9 + 7. Let n be (80/14)/(6*(-4)/(-84)). Calculate the highest common factor of r and n.
4
Suppose 16*s - 228 = 13*s. Calculate the greatest common divisor of s and 19.
19
Let w(r) = -r**2 - 1. Let b be w(8). Let c be b*(-2 + 21/15). Calculate the greatest common divisor of c and 26.
13
Suppose -62 = -5*b + y - 2*y, -4*y - 4 = -b. Let o be 24/(-5 + 9)*4/1. Calculate the greatest common divisor of b and o.
12
Let u(z) = -2*z**2 + 7*z - 1. Let y be u(3). What is the greatest common factor of 2 and y?
2
Suppose 3*h = -3*w + 6, 0 = -2*w - 3 - 1. Let v be (0/(-2))/(-2 - 0). Let i = v - -4. What is the highest common divisor of h and i?
4
Let f = 479 - 281. What is the greatest common divisor of 22 and f?
22
Let r = 19 - 1. Suppose 0 = -4*a - 10 + r. What is the highest common factor of a and 18?
2
Let b(s) = 3*s - s**2 - 11 + 7*s + 0*s**2. Let v be b(8). Suppose -4*g - 44 = -2*c, -g = -v*c + 2*g + 82. Calculate the greatest common factor of c and 126.
14
Let n(k) = k**3 + 16*k**2 - 24*k - 15. Let i be n(-17). What is the highest common divisor of 13 and i?
13
Let w be ((-9)/12 - 1)*-4. Let s(t) = 3*t - 10*t + t**2 + 9 + 0*t. Let q be s(w). Calculate the greatest common divisor of q and 3.
3
Suppose -2*v + 3*r = -2*r - 32, 4*r = -5*v + 47. Calculate the highest common factor of v and 11.
11
Let x be (4/(-6))/((-4)/6). Let i(t) = -2*t - 4. Let v = -2 + -1. Let d be i(v). What is the greatest common factor of x and d?
1
Let f be (4/10)/(12/120). Calculate the highest common factor of f and 10.
2
Let u = -25 - -40. Suppose -527 = -5*g + 2123. Suppose 5*q = 3*p - 290, -g = -5*p + q - 2*q. What is the greatest common divisor of p and u?
15
Let a(w) = -13*w**3 + w + 1. Let b(s) = -s**2 - 8*s - 1. Let r be b(-8). Let n be a(r). Calculate the greatest common factor of n and 13.
13
Let d be 2 + -1 - -1 - -47. Suppose -4*o = d - 241. Suppose 0*k + 4*k = o. What is the greatest common divisor of 8 and k?
4
Let x(g) = -2*g + 1. Let q be x(-2). Suppose v = -q*f + 70, 40 = 7*f - 5*f - 2*v. What is the highest common divisor of f and 135?
15
Let j = 6 - 6. Suppose 2*a + 28 - 224 = j. Suppose 0 = 3*k + 5*m + 7 - 34, -5*k + 5*m = -85. What is the greatest common factor of k and a?
14
Let t be (20 - 3 - 5)*(-8)/(-6). Let x be (2/2)/(2/32). What is the greatest common factor of t and x?
16
Suppose -2*o + 4*o = 0. Suppose x + 8*g - 3*g - 9 = o, 3*g - 15 = -3*x. Let a be 27 - (-1 + x + -1). What is the greatest common divisor of a and 5?
5
Let w be (-18)/(-81) + (-439)/(-9). Calculate the greatest common factor of 245 and w.
49
Suppose 3*l - 4 - 4 = 4*x, 2*x = 3*l - 10. Calculate the highest common factor of x and 3.
1
Let i = 18 - 13. What is the greatest common divisor of 2 and i?
1
Let q be 3 + 87*(0 - 1). Let x = -56 - q. Calculate the greatest common divisor of 28 and x.
28
Suppose 0 = x + 2*x - 420. What is the highest common divisor of x and 28?
28
Let b(d) = 3 - 2 + 0*d + 2*d + 7*d**2. Let x be b(2). Calculate the greatest common divisor of x and 11.
11
Let b(y) be the first derivative of -3*y**2 + 0*y**2 + 1 + 3*y**3 + 4*y**2 - 2*y**3. Let r be b(-3). What is the highest common factor of 231 and r?
21
Suppose 5*w - 53 = 152. Let x = w - 29. Suppose -m + 42 = -18. Calculate the greatest common divisor of x and m.
12
Let t = -127 + 145. What is the highest common divisor of 90 and t?
18
Let s be 2*2*36/16. What is the greatest common factor of 27 and s?
9
Suppose -2*l - 35 = -7*l. What is the greatest common factor of 21 and l?
7
Let b = 17 + -15. Suppose -6*i + 56 = -b*i. Calculate the highest common factor of 28 and i.
14
Let f(s) = -3*s - 4. Let v be f(-3). Suppose 5*t + 2*g = -0*g + 250, 220 = v*t - 4*g. Suppose d = -d + t. Calculate the greatest common factor of 96 and d.
24
Suppose -2*g + 5*x + 322 = 0, 4*g - 5*x = 146 + 518. What is the highest common divisor of g and 114?
57
Let s = -9 - -14. Let a be (-2)/11 + 490/154. Suppose -2*c + 25 = a*c. Calculate the greatest common factor of s and c.
5
Suppose 0 =